{"version":"1.0","provider_name":"Lyc\u00e9e Franco-Allemand de Sarrebruck","provider_url":"https:\/\/dfg-lfa.org\/fr","title":"Schulkonzert in der Pfarrkirche Sankt Michael - Lyc\u00e9e Franco-Allemand de Sarrebruck","type":"rich","width":600,"height":338,"html":"<blockquote class=\"wp-embedded-content\" data-secret=\"ipFpKGKwEm\"><a href=\"https:\/\/dfg-lfa.org\/fr\/2009\/07\/schulkonzert\/\">Schulkonzert in der Pfarrkirche Sankt Michael<\/a><\/blockquote><iframe sandbox=\"allow-scripts\" security=\"restricted\" src=\"https:\/\/dfg-lfa.org\/fr\/2009\/07\/schulkonzert\/embed\/#?secret=ipFpKGKwEm\" width=\"600\" height=\"338\" title=\"\u00ab\u00a0Schulkonzert in der Pfarrkirche Sankt Michael\u00a0\u00bb &#8212; Lyc\u00e9e Franco-Allemand de Sarrebruck\" data-secret=\"ipFpKGKwEm\" frameborder=\"0\" marginwidth=\"0\" marginheight=\"0\" scrolling=\"no\" class=\"wp-embedded-content\"><\/iframe><script>\n\/*! This file is auto-generated *\/\n!function(d,l){\"use strict\";l.querySelector&&d.addEventListener&&\"undefined\"!=typeof URL&&(d.wp=d.wp||{},d.wp.receiveEmbedMessage||(d.wp.receiveEmbedMessage=function(e){var t=e.data;if((t||t.secret||t.message||t.value)&&!\/[^a-zA-Z0-9]\/.test(t.secret)){for(var s,r,n,a=l.querySelectorAll('iframe[data-secret=\"'+t.secret+'\"]'),o=l.querySelectorAll('blockquote[data-secret=\"'+t.secret+'\"]'),c=new RegExp(\"^https?:$\",\"i\"),i=0;i<o.length;i++)o[i].style.display=\"none\";for(i=0;i<a.length;i++)s=a[i],e.source===s.contentWindow&&(s.removeAttribute(\"style\"),\"height\"===t.message?(1e3<(r=parseInt(t.value,10))?r=1e3:~~r<200&&(r=200),s.height=r):\"link\"===t.message&&(r=new URL(s.getAttribute(\"src\")),n=new URL(t.value),c.test(n.protocol))&&n.host===r.host&&l.activeElement===s&&(d.top.location.href=t.value))}},d.addEventListener(\"message\",d.wp.receiveEmbedMessage,!1),l.addEventListener(\"DOMContentLoaded\",function(){for(var e,t,s=l.querySelectorAll(\"iframe.wp-embedded-content\"),r=0;r<s.length;r++)(t=(e=s[r]).getAttribute(\"data-secret\"))||(t=Math.random().toString(36).substring(2,12),e.src+=\"#?secret=\"+t,e.setAttribute(\"data-secret\",t)),e.contentWindow.postMessage({message:\"ready\",secret:t},\"*\")},!1)))}(window,document);\n\/\/# sourceURL=https:\/\/dfg-lfa.org\/wp-includes\/js\/wp-embed.min.js\n<\/script>\n","thumbnail_url":"https:\/\/dfg-lfa.org\/wp-content\/uploads\/IMG_3275_11.jpg","thumbnail_width":600,"thumbnail_height":396,"description":"Im Schuljahr 2008\/2009 hatten sich die drei Deutsch-Franz\u00f6sischen Gymnasien entschlossen, ihre Ch\u00f6re, Orchester und Solisten als S\u00e9raphins d\u2019Europe wieder in einem gro\u00dfen gemeinsamen Musikprojekt zusammenzuf\u00fchren. Zum H\u00e4ndel-Jahr stand das Chorwerk Ode for St. Cecilia\u2019s Day von Georg Friedrich H\u00e4ndel (1683) im Mittelpunkt, eine gro\u00dfe Feier der Musik! Es nahmen ca. &hellip;"}

Lycée Franco-Allemand de Sarrebruck

Schulkonzert in der Pfarrkirche Sankt Michael - Lycée Franco-Allemand de Sarrebruck

<blockquote class="wp-embedded-content" data-secret="ipFpKGKwEm"><a href="https://dfg-lfa.org/fr/2009/07/schulkonzert/">Schulkonzert in der Pfarrkirche Sankt Michael</a></blockquote><iframe sandbox="allow-scripts" security="restricted" src="https://dfg-lfa.org/fr/2009/07/schulkonzert/embed/#?secret=ipFpKGKwEm" width="600" height="338" title="« Schulkonzert in der Pfarrkirche Sankt Michael » &#8212; Lycée Franco-Allemand de Sarrebruck" data-secret="ipFpKGKwEm" frameborder="0" marginwidth="0" marginheight="0" scrolling="no" class="wp-embedded-content"></iframe><script>
/*! This file is auto-generated */
!function(d,l){"use strict";l.querySelector&&d.addEventListener&&"undefined"!=typeof URL&&(d.wp=d.wp||{},d.wp.receiveEmbedMessage||(d.wp.receiveEmbedMessage=function(e){var t=e.data;if((t||t.secret||t.message||t.value)&&!/[^a-zA-Z0-9]/.test(t.secret)){for(var s,r,n,a=l.querySelectorAll('iframe[data-secret="'+t.secret+'"]'),o=l.querySelectorAll('blockquote[data-secret="'+t.secret+'"]'),c=new RegExp("^https?:$","i"),i=0;i<o.length;i++)o[i].style.display="none";for(i=0;i<a.length;i++)s=a[i],e.source===s.contentWindow&&(s.removeAttribute("style"),"height"===t.message?(1e3<(r=parseInt(t.value,10))?r=1e3:~~r<200&&(r=200),s.height=r):"link"===t.message&&(r=new URL(s.getAttribute("src")),n=new URL(t.value),c.test(n.protocol))&&n.host===r.host&&l.activeElement===s&&(d.top.location.href=t.value))}},d.addEventListener("message",d.wp.receiveEmbedMessage,!1),l.addEventListener("DOMContentLoaded",function(){for(var e,t,s=l.querySelectorAll("iframe.wp-embedded-content"),r=0;r<s.length;r++)(t=(e=s[r]).getAttribute("data-secret"))||(t=Math.random().toString(36).substring(2,12),e.src+="#?secret="+t,e.setAttribute("data-secret",t)),e.contentWindow.postMessage({message:"ready",secret:t},"*")},!1)))}(window,document);
//# sourceURL=https://dfg-lfa.org/wp-includes/js/wp-embed.min.js
</script>

Im Schuljahr 2008/2009 hatten sich die drei Deutsch-Französischen Gymnasien entschlossen, ihre Chöre, Orchester und Solisten als Séraphins d’Europe wieder in einem großen gemeinsamen Musikprojekt zusammenzuführen. Zum Händel-Jahr stand das Chorwerk Ode for St. Cecilia’s Day von Georg Friedrich Händel (1683) im Mittelpunkt, eine große Feier der Musik! Es nahmen ca. &hellip;
