{"version":"1.0","provider_name":"Lyc\u00e9e Franco-Allemand de Sarrebruck","provider_url":"https:\/\/dfg-lfa.org\/fr","title":"R\u00e9trospective: \u00ab Energie et centrales nucl\u00e9aires \u00bb, conf\u00e9rence d\u2019information - Lyc\u00e9e Franco-Allemand de Sarrebruck","type":"rich","width":600,"height":338,"html":"<blockquote class=\"wp-embedded-content\" data-secret=\"ZvrbhnC5oT\"><a href=\"https:\/\/dfg-lfa.org\/fr\/2011\/03\/ruckblick-informationsveranstaltung-kernenergie-und-atomkraftwerke\/\">R\u00e9trospective: \u00ab Energie et centrales nucl\u00e9aires \u00bb, conf\u00e9rence d\u2019information<\/a><\/blockquote><iframe sandbox=\"allow-scripts\" security=\"restricted\" src=\"https:\/\/dfg-lfa.org\/fr\/2011\/03\/ruckblick-informationsveranstaltung-kernenergie-und-atomkraftwerke\/embed\/#?secret=ZvrbhnC5oT\" width=\"600\" height=\"338\" title=\"\u00ab\u00a0R\u00e9trospective: \u00ab Energie et centrales nucl\u00e9aires \u00bb, conf\u00e9rence d\u2019information\u00a0\u00bb &#8212; Lyc\u00e9e Franco-Allemand de Sarrebruck\" data-secret=\"ZvrbhnC5oT\" frameborder=\"0\" marginwidth=\"0\" marginheight=\"0\" scrolling=\"no\" class=\"wp-embedded-content\"><\/iframe><script>\n\/*! This file is auto-generated *\/\n!function(d,l){\"use strict\";l.querySelector&&d.addEventListener&&\"undefined\"!=typeof URL&&(d.wp=d.wp||{},d.wp.receiveEmbedMessage||(d.wp.receiveEmbedMessage=function(e){var t=e.data;if((t||t.secret||t.message||t.value)&&!\/[^a-zA-Z0-9]\/.test(t.secret)){for(var s,r,n,a=l.querySelectorAll('iframe[data-secret=\"'+t.secret+'\"]'),o=l.querySelectorAll('blockquote[data-secret=\"'+t.secret+'\"]'),c=new RegExp(\"^https?:$\",\"i\"),i=0;i<o.length;i++)o[i].style.display=\"none\";for(i=0;i<a.length;i++)s=a[i],e.source===s.contentWindow&&(s.removeAttribute(\"style\"),\"height\"===t.message?(1e3<(r=parseInt(t.value,10))?r=1e3:~~r<200&&(r=200),s.height=r):\"link\"===t.message&&(r=new URL(s.getAttribute(\"src\")),n=new URL(t.value),c.test(n.protocol))&&n.host===r.host&&l.activeElement===s&&(d.top.location.href=t.value))}},d.addEventListener(\"message\",d.wp.receiveEmbedMessage,!1),l.addEventListener(\"DOMContentLoaded\",function(){for(var e,t,s=l.querySelectorAll(\"iframe.wp-embedded-content\"),r=0;r<s.length;r++)(t=(e=s[r]).getAttribute(\"data-secret\"))||(t=Math.random().toString(36).substring(2,12),e.src+=\"#?secret=\"+t,e.setAttribute(\"data-secret\",t)),e.contentWindow.postMessage({message:\"ready\",secret:t},\"*\")},!1)))}(window,document);\n\/\/# sourceURL=https:\/\/dfg-lfa.org\/wp-includes\/js\/wp-embed.min.js\n<\/script>\n","thumbnail_url":"https:\/\/dfg-lfa.org\/wp-content\/uploads\/IMG_7003.jpg","thumbnail_width":600,"thumbnail_height":400,"description":"Suite \u00e0 l&rsquo;\u00e9moi suscit\u00e9 aupr\u00e8s des \u00e9l\u00e8ves et des professeurs du LFA par le terrible accident nucl\u00e9aire de la centrale de Fukushima au Japon, les professeurs de sciences physiques du Lyc\u00e9e ont organis\u00e9 une conf\u00e9rence d&rsquo;information, \u00e0 l&rsquo;attention des classes 8 et 9, sur le th\u00e8me de \u00ab\u00a0l&rsquo;\u00e9nergie et des &hellip;"}

Lycée Franco-Allemand de Sarrebruck

Rétrospective: « Energie et centrales nucléaires », conférence d’information - Lycée Franco-Allemand de Sarrebruck

<blockquote class="wp-embedded-content" data-secret="ZvrbhnC5oT"><a href="https://dfg-lfa.org/fr/2011/03/ruckblick-informationsveranstaltung-kernenergie-und-atomkraftwerke/">Rétrospective: « Energie et centrales nucléaires », conférence d’information</a></blockquote><iframe sandbox="allow-scripts" security="restricted" src="https://dfg-lfa.org/fr/2011/03/ruckblick-informationsveranstaltung-kernenergie-und-atomkraftwerke/embed/#?secret=ZvrbhnC5oT" width="600" height="338" title="« Rétrospective: « Energie et centrales nucléaires », conférence d’information » &#8212; Lycée Franco-Allemand de Sarrebruck" data-secret="ZvrbhnC5oT" frameborder="0" marginwidth="0" marginheight="0" scrolling="no" class="wp-embedded-content"></iframe><script>
/*! This file is auto-generated */
!function(d,l){"use strict";l.querySelector&&d.addEventListener&&"undefined"!=typeof URL&&(d.wp=d.wp||{},d.wp.receiveEmbedMessage||(d.wp.receiveEmbedMessage=function(e){var t=e.data;if((t||t.secret||t.message||t.value)&&!/[^a-zA-Z0-9]/.test(t.secret)){for(var s,r,n,a=l.querySelectorAll('iframe[data-secret="'+t.secret+'"]'),o=l.querySelectorAll('blockquote[data-secret="'+t.secret+'"]'),c=new RegExp("^https?:$","i"),i=0;i<o.length;i++)o[i].style.display="none";for(i=0;i<a.length;i++)s=a[i],e.source===s.contentWindow&&(s.removeAttribute("style"),"height"===t.message?(1e3<(r=parseInt(t.value,10))?r=1e3:~~r<200&&(r=200),s.height=r):"link"===t.message&&(r=new URL(s.getAttribute("src")),n=new URL(t.value),c.test(n.protocol))&&n.host===r.host&&l.activeElement===s&&(d.top.location.href=t.value))}},d.addEventListener("message",d.wp.receiveEmbedMessage,!1),l.addEventListener("DOMContentLoaded",function(){for(var e,t,s=l.querySelectorAll("iframe.wp-embedded-content"),r=0;r<s.length;r++)(t=(e=s[r]).getAttribute("data-secret"))||(t=Math.random().toString(36).substring(2,12),e.src+="#?secret="+t,e.setAttribute("data-secret",t)),e.contentWindow.postMessage({message:"ready",secret:t},"*")},!1)))}(window,document);
//# sourceURL=https://dfg-lfa.org/wp-includes/js/wp-embed.min.js
</script>

Suite à l&rsquo;émoi suscité auprès des élèves et des professeurs du LFA par le terrible accident nucléaire de la centrale de Fukushima au Japon, les professeurs de sciences physiques du Lycée ont organisé une conférence d&rsquo;information, à l&rsquo;attention des classes 8 et 9, sur le thème de « l&rsquo;énergie et des &hellip;
