{"version":"1.0","provider_name":"Lyc\u00e9e Franco-Allemand de Sarrebruck","provider_url":"https:\/\/dfg-lfa.org\/fr","title":"Conf\u00e9rence du reporter de guerre Kurt Pelda - Lyc\u00e9e Franco-Allemand de Sarrebruck","type":"rich","width":600,"height":338,"html":"<blockquote class=\"wp-embedded-content\" data-secret=\"GVTP0takJd\"><a href=\"https:\/\/dfg-lfa.org\/fr\/2015\/04\/veranstaltung-mit-kriegsreporter-kurt-pelda\/\">Conf\u00e9rence du reporter de guerre Kurt Pelda<\/a><\/blockquote><iframe sandbox=\"allow-scripts\" security=\"restricted\" src=\"https:\/\/dfg-lfa.org\/fr\/2015\/04\/veranstaltung-mit-kriegsreporter-kurt-pelda\/embed\/#?secret=GVTP0takJd\" width=\"600\" height=\"338\" title=\"\u00ab\u00a0Conf\u00e9rence du reporter de guerre Kurt Pelda\u00a0\u00bb &#8212; Lyc\u00e9e Franco-Allemand de Sarrebruck\" data-secret=\"GVTP0takJd\" frameborder=\"0\" marginwidth=\"0\" marginheight=\"0\" scrolling=\"no\" class=\"wp-embedded-content\"><\/iframe><script>\n\/*! This file is auto-generated *\/\n!function(d,l){\"use strict\";l.querySelector&&d.addEventListener&&\"undefined\"!=typeof URL&&(d.wp=d.wp||{},d.wp.receiveEmbedMessage||(d.wp.receiveEmbedMessage=function(e){var t=e.data;if((t||t.secret||t.message||t.value)&&!\/[^a-zA-Z0-9]\/.test(t.secret)){for(var s,r,n,a=l.querySelectorAll('iframe[data-secret=\"'+t.secret+'\"]'),o=l.querySelectorAll('blockquote[data-secret=\"'+t.secret+'\"]'),c=new RegExp(\"^https?:$\",\"i\"),i=0;i<o.length;i++)o[i].style.display=\"none\";for(i=0;i<a.length;i++)s=a[i],e.source===s.contentWindow&&(s.removeAttribute(\"style\"),\"height\"===t.message?(1e3<(r=parseInt(t.value,10))?r=1e3:~~r<200&&(r=200),s.height=r):\"link\"===t.message&&(r=new URL(s.getAttribute(\"src\")),n=new URL(t.value),c.test(n.protocol))&&n.host===r.host&&l.activeElement===s&&(d.top.location.href=t.value))}},d.addEventListener(\"message\",d.wp.receiveEmbedMessage,!1),l.addEventListener(\"DOMContentLoaded\",function(){for(var e,t,s=l.querySelectorAll(\"iframe.wp-embedded-content\"),r=0;r<s.length;r++)(t=(e=s[r]).getAttribute(\"data-secret\"))||(t=Math.random().toString(36).substring(2,12),e.src+=\"#?secret=\"+t,e.setAttribute(\"data-secret\",t)),e.contentWindow.postMessage({message:\"ready\",secret:t},\"*\")},!1)))}(window,document);\n\/\/# sourceURL=https:\/\/dfg-lfa.org\/wp-includes\/js\/wp-embed.min.js\n<\/script>\n","thumbnail_url":"https:\/\/dfg-lfa.org\/wp-content\/uploads\/IMG_0567-web1.jpg","thumbnail_width":600,"thumbnail_height":400,"description":"Avec l&rsquo;aide de la Landeszentrale f\u00fcr politische Bildung , nous avons pu accueillir le c\u00e9l\u00e8bre reporter de guerre Kurt Pelda au LFA le samedi 18 avril 2015. Ce journaliste suisse livre pour des m\u00e9dias allemands de premier plan comme der Spiegel, Focus, DIE WELT , ARD et ZDF des reportages &hellip;"}

Lycée Franco-Allemand de Sarrebruck

Conférence du reporter de guerre Kurt Pelda - Lycée Franco-Allemand de Sarrebruck

<blockquote class="wp-embedded-content" data-secret="GVTP0takJd"><a href="https://dfg-lfa.org/fr/2015/04/veranstaltung-mit-kriegsreporter-kurt-pelda/">Conférence du reporter de guerre Kurt Pelda</a></blockquote><iframe sandbox="allow-scripts" security="restricted" src="https://dfg-lfa.org/fr/2015/04/veranstaltung-mit-kriegsreporter-kurt-pelda/embed/#?secret=GVTP0takJd" width="600" height="338" title="« Conférence du reporter de guerre Kurt Pelda » &#8212; Lycée Franco-Allemand de Sarrebruck" data-secret="GVTP0takJd" frameborder="0" marginwidth="0" marginheight="0" scrolling="no" class="wp-embedded-content"></iframe><script>
/*! This file is auto-generated */
!function(d,l){"use strict";l.querySelector&&d.addEventListener&&"undefined"!=typeof URL&&(d.wp=d.wp||{},d.wp.receiveEmbedMessage||(d.wp.receiveEmbedMessage=function(e){var t=e.data;if((t||t.secret||t.message||t.value)&&!/[^a-zA-Z0-9]/.test(t.secret)){for(var s,r,n,a=l.querySelectorAll('iframe[data-secret="'+t.secret+'"]'),o=l.querySelectorAll('blockquote[data-secret="'+t.secret+'"]'),c=new RegExp("^https?:$","i"),i=0;i<o.length;i++)o[i].style.display="none";for(i=0;i<a.length;i++)s=a[i],e.source===s.contentWindow&&(s.removeAttribute("style"),"height"===t.message?(1e3<(r=parseInt(t.value,10))?r=1e3:~~r<200&&(r=200),s.height=r):"link"===t.message&&(r=new URL(s.getAttribute("src")),n=new URL(t.value),c.test(n.protocol))&&n.host===r.host&&l.activeElement===s&&(d.top.location.href=t.value))}},d.addEventListener("message",d.wp.receiveEmbedMessage,!1),l.addEventListener("DOMContentLoaded",function(){for(var e,t,s=l.querySelectorAll("iframe.wp-embedded-content"),r=0;r<s.length;r++)(t=(e=s[r]).getAttribute("data-secret"))||(t=Math.random().toString(36).substring(2,12),e.src+="#?secret="+t,e.setAttribute("data-secret",t)),e.contentWindow.postMessage({message:"ready",secret:t},"*")},!1)))}(window,document);
//# sourceURL=https://dfg-lfa.org/wp-includes/js/wp-embed.min.js
</script>

Avec l&rsquo;aide de la Landeszentrale für politische Bildung , nous avons pu accueillir le célèbre reporter de guerre Kurt Pelda au LFA le samedi 18 avril 2015. Ce journaliste suisse livre pour des médias allemands de premier plan comme der Spiegel, Focus, DIE WELT , ARD et ZDF des reportages &hellip;
