{"version":"1.0","provider_name":"Lyc\u00e9e Franco-Allemand de Sarrebruck","provider_url":"https:\/\/dfg-lfa.org\/fr","title":"Projet international de danse-th\u00e9\u00e2tre - Lyc\u00e9e Franco-Allemand de Sarrebruck","type":"rich","width":600,"height":338,"html":"<blockquote class=\"wp-embedded-content\" data-secret=\"G7ZJetTgsZ\"><a href=\"https:\/\/dfg-lfa.org\/fr\/2021\/10\/internationales-tanztheaterprojekt-fuer-junge-menschen\/\">Projet international de danse-th\u00e9\u00e2tre<\/a><\/blockquote><iframe sandbox=\"allow-scripts\" security=\"restricted\" src=\"https:\/\/dfg-lfa.org\/fr\/2021\/10\/internationales-tanztheaterprojekt-fuer-junge-menschen\/embed\/#?secret=G7ZJetTgsZ\" width=\"600\" height=\"338\" title=\"\u00ab\u00a0Projet international de danse-th\u00e9\u00e2tre\u00a0\u00bb &#8212; Lyc\u00e9e Franco-Allemand de Sarrebruck\" data-secret=\"G7ZJetTgsZ\" frameborder=\"0\" marginwidth=\"0\" marginheight=\"0\" scrolling=\"no\" class=\"wp-embedded-content\"><\/iframe><script>\n\/*! This file is auto-generated *\/\n!function(d,l){\"use strict\";l.querySelector&&d.addEventListener&&\"undefined\"!=typeof URL&&(d.wp=d.wp||{},d.wp.receiveEmbedMessage||(d.wp.receiveEmbedMessage=function(e){var t=e.data;if((t||t.secret||t.message||t.value)&&!\/[^a-zA-Z0-9]\/.test(t.secret)){for(var s,r,n,a=l.querySelectorAll('iframe[data-secret=\"'+t.secret+'\"]'),o=l.querySelectorAll('blockquote[data-secret=\"'+t.secret+'\"]'),c=new RegExp(\"^https?:$\",\"i\"),i=0;i<o.length;i++)o[i].style.display=\"none\";for(i=0;i<a.length;i++)s=a[i],e.source===s.contentWindow&&(s.removeAttribute(\"style\"),\"height\"===t.message?(1e3<(r=parseInt(t.value,10))?r=1e3:~~r<200&&(r=200),s.height=r):\"link\"===t.message&&(r=new URL(s.getAttribute(\"src\")),n=new URL(t.value),c.test(n.protocol))&&n.host===r.host&&l.activeElement===s&&(d.top.location.href=t.value))}},d.addEventListener(\"message\",d.wp.receiveEmbedMessage,!1),l.addEventListener(\"DOMContentLoaded\",function(){for(var e,t,s=l.querySelectorAll(\"iframe.wp-embedded-content\"),r=0;r<s.length;r++)(t=(e=s[r]).getAttribute(\"data-secret\"))||(t=Math.random().toString(36).substring(2,12),e.src+=\"#?secret=\"+t,e.setAttribute(\"data-secret\",t)),e.contentWindow.postMessage({message:\"ready\",secret:t},\"*\")},!1)))}(window,document);\n\/\/# sourceURL=https:\/\/dfg-lfa.org\/wp-includes\/js\/wp-embed.min.js\n<\/script>\n","thumbnail_url":"https:\/\/dfg-lfa.org\/wp-content\/uploads\/718f61_025f98d27f364e5795ba0436ee128ec5-1.jpg","thumbnail_width":2158,"thumbnail_height":790,"description":"La pand\u00e9mie de Corona est un fardeau immense pour les jeunes : ils se sentent seuls, leurs amis leur manquent et ils sont psychologiquement accabl\u00e9s. Ils manquent de lieux d\u2018apprentissage et de vie sociale tels que l\u2018\u00e9cole, l\u2018universit\u00e9, les clubs ou les centres de jeunesse. C\u2018est surtout au moment de &hellip;"}

Lycée Franco-Allemand de Sarrebruck

Projet international de danse-théâtre - Lycée Franco-Allemand de Sarrebruck

<blockquote class="wp-embedded-content" data-secret="G7ZJetTgsZ"><a href="https://dfg-lfa.org/fr/2021/10/internationales-tanztheaterprojekt-fuer-junge-menschen/">Projet international de danse-théâtre</a></blockquote><iframe sandbox="allow-scripts" security="restricted" src="https://dfg-lfa.org/fr/2021/10/internationales-tanztheaterprojekt-fuer-junge-menschen/embed/#?secret=G7ZJetTgsZ" width="600" height="338" title="« Projet international de danse-théâtre » &#8212; Lycée Franco-Allemand de Sarrebruck" data-secret="G7ZJetTgsZ" frameborder="0" marginwidth="0" marginheight="0" scrolling="no" class="wp-embedded-content"></iframe><script>
/*! This file is auto-generated */
!function(d,l){"use strict";l.querySelector&&d.addEventListener&&"undefined"!=typeof URL&&(d.wp=d.wp||{},d.wp.receiveEmbedMessage||(d.wp.receiveEmbedMessage=function(e){var t=e.data;if((t||t.secret||t.message||t.value)&&!/[^a-zA-Z0-9]/.test(t.secret)){for(var s,r,n,a=l.querySelectorAll('iframe[data-secret="'+t.secret+'"]'),o=l.querySelectorAll('blockquote[data-secret="'+t.secret+'"]'),c=new RegExp("^https?:$","i"),i=0;i<o.length;i++)o[i].style.display="none";for(i=0;i<a.length;i++)s=a[i],e.source===s.contentWindow&&(s.removeAttribute("style"),"height"===t.message?(1e3<(r=parseInt(t.value,10))?r=1e3:~~r<200&&(r=200),s.height=r):"link"===t.message&&(r=new URL(s.getAttribute("src")),n=new URL(t.value),c.test(n.protocol))&&n.host===r.host&&l.activeElement===s&&(d.top.location.href=t.value))}},d.addEventListener("message",d.wp.receiveEmbedMessage,!1),l.addEventListener("DOMContentLoaded",function(){for(var e,t,s=l.querySelectorAll("iframe.wp-embedded-content"),r=0;r<s.length;r++)(t=(e=s[r]).getAttribute("data-secret"))||(t=Math.random().toString(36).substring(2,12),e.src+="#?secret="+t,e.setAttribute("data-secret",t)),e.contentWindow.postMessage({message:"ready",secret:t},"*")},!1)))}(window,document);
//# sourceURL=https://dfg-lfa.org/wp-includes/js/wp-embed.min.js
</script>

La pandémie de Corona est un fardeau immense pour les jeunes : ils se sentent seuls, leurs amis leur manquent et ils sont psychologiquement accablés. Ils manquent de lieux d‘apprentissage et de vie sociale tels que l‘école, l‘université, les clubs ou les centres de jeunesse. C‘est surtout au moment de &hellip;
