{"version":"1.0","provider_name":"Lyc\u00e9e Franco-Allemand de Sarrebruck","provider_url":"https:\/\/dfg-lfa.org\/fr","title":"Concert d\u2019\u00e9l\u00e8ves du LFA - Lyc\u00e9e Franco-Allemand de Sarrebruck","type":"rich","width":600,"height":338,"html":"<blockquote class=\"wp-embedded-content\" data-secret=\"Ok8K2ycpvs\"><a href=\"https:\/\/dfg-lfa.org\/fr\/2022\/05\/dfg-schulkonzert-2\/\">Concert d\u2019\u00e9l\u00e8ves du LFA<\/a><\/blockquote><iframe sandbox=\"allow-scripts\" security=\"restricted\" src=\"https:\/\/dfg-lfa.org\/fr\/2022\/05\/dfg-schulkonzert-2\/embed\/#?secret=Ok8K2ycpvs\" width=\"600\" height=\"338\" title=\"\u00ab\u00a0Concert d\u2019\u00e9l\u00e8ves du LFA\u00a0\u00bb &#8212; Lyc\u00e9e Franco-Allemand de Sarrebruck\" data-secret=\"Ok8K2ycpvs\" frameborder=\"0\" marginwidth=\"0\" marginheight=\"0\" scrolling=\"no\" class=\"wp-embedded-content\"><\/iframe><script>\n\/*! This file is auto-generated *\/\n!function(d,l){\"use strict\";l.querySelector&&d.addEventListener&&\"undefined\"!=typeof URL&&(d.wp=d.wp||{},d.wp.receiveEmbedMessage||(d.wp.receiveEmbedMessage=function(e){var t=e.data;if((t||t.secret||t.message||t.value)&&!\/[^a-zA-Z0-9]\/.test(t.secret)){for(var s,r,n,a=l.querySelectorAll('iframe[data-secret=\"'+t.secret+'\"]'),o=l.querySelectorAll('blockquote[data-secret=\"'+t.secret+'\"]'),c=new RegExp(\"^https?:$\",\"i\"),i=0;i<o.length;i++)o[i].style.display=\"none\";for(i=0;i<a.length;i++)s=a[i],e.source===s.contentWindow&&(s.removeAttribute(\"style\"),\"height\"===t.message?(1e3<(r=parseInt(t.value,10))?r=1e3:~~r<200&&(r=200),s.height=r):\"link\"===t.message&&(r=new URL(s.getAttribute(\"src\")),n=new URL(t.value),c.test(n.protocol))&&n.host===r.host&&l.activeElement===s&&(d.top.location.href=t.value))}},d.addEventListener(\"message\",d.wp.receiveEmbedMessage,!1),l.addEventListener(\"DOMContentLoaded\",function(){for(var e,t,s=l.querySelectorAll(\"iframe.wp-embedded-content\"),r=0;r<s.length;r++)(t=(e=s[r]).getAttribute(\"data-secret\"))||(t=Math.random().toString(36).substring(2,12),e.src+=\"#?secret=\"+t,e.setAttribute(\"data-secret\",t)),e.contentWindow.postMessage({message:\"ready\",secret:t},\"*\")},!1)))}(window,document);\n\/\/# sourceURL=https:\/\/dfg-lfa.org\/wp-includes\/js\/wp-embed.min.js\n<\/script>\n","thumbnail_url":"https:\/\/dfg-lfa.org\/wp-content\/uploads\/guitar-3567767_1920.jpg","thumbnail_width":1920,"thumbnail_height":874,"description":"Vous \u00eates cordialement invit\u00e9(e) au concert d\u2019\u00e9l\u00e8ves du LFA qui aura lieu vendredi, 24 juin 2022 \u00e0 19h en salle polyvalente. L\u2019orchestre du LFA et des lyc\u00e9ens, de petits ensembles et des solistes interpr\u00e8teront leur nouveau r\u00e9pertoire. L&rsquo;entr\u00e9e est libre. Martin Stark"}

Lycée Franco-Allemand de Sarrebruck

Concert d’élèves du LFA - Lycée Franco-Allemand de Sarrebruck

<blockquote class="wp-embedded-content" data-secret="Ok8K2ycpvs"><a href="https://dfg-lfa.org/fr/2022/05/dfg-schulkonzert-2/">Concert d’élèves du LFA</a></blockquote><iframe sandbox="allow-scripts" security="restricted" src="https://dfg-lfa.org/fr/2022/05/dfg-schulkonzert-2/embed/#?secret=Ok8K2ycpvs" width="600" height="338" title="« Concert d’élèves du LFA » &#8212; Lycée Franco-Allemand de Sarrebruck" data-secret="Ok8K2ycpvs" frameborder="0" marginwidth="0" marginheight="0" scrolling="no" class="wp-embedded-content"></iframe><script>
/*! This file is auto-generated */
!function(d,l){"use strict";l.querySelector&&d.addEventListener&&"undefined"!=typeof URL&&(d.wp=d.wp||{},d.wp.receiveEmbedMessage||(d.wp.receiveEmbedMessage=function(e){var t=e.data;if((t||t.secret||t.message||t.value)&&!/[^a-zA-Z0-9]/.test(t.secret)){for(var s,r,n,a=l.querySelectorAll('iframe[data-secret="'+t.secret+'"]'),o=l.querySelectorAll('blockquote[data-secret="'+t.secret+'"]'),c=new RegExp("^https?:$","i"),i=0;i<o.length;i++)o[i].style.display="none";for(i=0;i<a.length;i++)s=a[i],e.source===s.contentWindow&&(s.removeAttribute("style"),"height"===t.message?(1e3<(r=parseInt(t.value,10))?r=1e3:~~r<200&&(r=200),s.height=r):"link"===t.message&&(r=new URL(s.getAttribute("src")),n=new URL(t.value),c.test(n.protocol))&&n.host===r.host&&l.activeElement===s&&(d.top.location.href=t.value))}},d.addEventListener("message",d.wp.receiveEmbedMessage,!1),l.addEventListener("DOMContentLoaded",function(){for(var e,t,s=l.querySelectorAll("iframe.wp-embedded-content"),r=0;r<s.length;r++)(t=(e=s[r]).getAttribute("data-secret"))||(t=Math.random().toString(36).substring(2,12),e.src+="#?secret="+t,e.setAttribute("data-secret",t)),e.contentWindow.postMessage({message:"ready",secret:t},"*")},!1)))}(window,document);
//# sourceURL=https://dfg-lfa.org/wp-includes/js/wp-embed.min.js
</script>

Vous êtes cordialement invité(e) au concert d’élèves du LFA qui aura lieu vendredi, 24 juin 2022 à 19h en salle polyvalente. L’orchestre du LFA et des lycéens, de petits ensembles et des solistes interprèteront leur nouveau répertoire. L&rsquo;entrée est libre. Martin Stark
