{"version":"1.0","provider_name":"Lyc\u00e9e Franco-Allemand de Sarrebruck","provider_url":"https:\/\/dfg-lfa.org\/fr","title":"Informations sur les projets d\u2019adaptation de la for\u00eat en cours de g\u00e9ographie - Lyc\u00e9e Franco-Allemand de Sarrebruck","type":"rich","width":600,"height":338,"html":"<blockquote class=\"wp-embedded-content\" data-secret=\"QgmNpqbNYY\"><a href=\"https:\/\/dfg-lfa.org\/fr\/2022\/06\/projets-d-adaptation-de-la-foret\/\">Informations sur les projets d\u2019adaptation de la for\u00eat en cours de g\u00e9ographie<\/a><\/blockquote><iframe sandbox=\"allow-scripts\" security=\"restricted\" src=\"https:\/\/dfg-lfa.org\/fr\/2022\/06\/projets-d-adaptation-de-la-foret\/embed\/#?secret=QgmNpqbNYY\" width=\"600\" height=\"338\" title=\"\u00ab\u00a0Informations sur les projets d\u2019adaptation de la for\u00eat en cours de g\u00e9ographie\u00a0\u00bb &#8212; Lyc\u00e9e Franco-Allemand de Sarrebruck\" data-secret=\"QgmNpqbNYY\" frameborder=\"0\" marginwidth=\"0\" marginheight=\"0\" scrolling=\"no\" class=\"wp-embedded-content\"><\/iframe><script>\n\/*! This file is auto-generated *\/\n!function(d,l){\"use strict\";l.querySelector&&d.addEventListener&&\"undefined\"!=typeof URL&&(d.wp=d.wp||{},d.wp.receiveEmbedMessage||(d.wp.receiveEmbedMessage=function(e){var t=e.data;if((t||t.secret||t.message||t.value)&&!\/[^a-zA-Z0-9]\/.test(t.secret)){for(var s,r,n,a=l.querySelectorAll('iframe[data-secret=\"'+t.secret+'\"]'),o=l.querySelectorAll('blockquote[data-secret=\"'+t.secret+'\"]'),c=new RegExp(\"^https?:$\",\"i\"),i=0;i<o.length;i++)o[i].style.display=\"none\";for(i=0;i<a.length;i++)s=a[i],e.source===s.contentWindow&&(s.removeAttribute(\"style\"),\"height\"===t.message?(1e3<(r=parseInt(t.value,10))?r=1e3:~~r<200&&(r=200),s.height=r):\"link\"===t.message&&(r=new URL(s.getAttribute(\"src\")),n=new URL(t.value),c.test(n.protocol))&&n.host===r.host&&l.activeElement===s&&(d.top.location.href=t.value))}},d.addEventListener(\"message\",d.wp.receiveEmbedMessage,!1),l.addEventListener(\"DOMContentLoaded\",function(){for(var e,t,s=l.querySelectorAll(\"iframe.wp-embedded-content\"),r=0;r<s.length;r++)(t=(e=s[r]).getAttribute(\"data-secret\"))||(t=Math.random().toString(36).substring(2,12),e.src+=\"#?secret=\"+t,e.setAttribute(\"data-secret\",t)),e.contentWindow.postMessage({message:\"ready\",secret:t},\"*\")},!1)))}(window,document);\n\/\/# sourceURL=https:\/\/dfg-lfa.org\/wp-includes\/js\/wp-embed.min.js\n<\/script>\n","thumbnail_url":"https:\/\/dfg-lfa.org\/wp-content\/uploads\/ONF-web.jpg","thumbnail_width":2000,"thumbnail_height":1500,"description":"Le responsable ONF de l\u2019unit\u00e9 territoriale Sarreguemines-Bitche est venu pr\u00e9senter les projets d\u2019adaptation de la for\u00eat au r\u00e9chauffement climatique aux \u00e9l\u00e8ves de la 8S4 dans le cadre du cours de g\u00e9ographie. Un grand d\u00e9fi \u00e0 relever pour lequel nous avons tous un r\u00f4le \u00e0 jouer!"}

Lycée Franco-Allemand de Sarrebruck

Informations sur les projets d’adaptation de la forêt en cours de géographie - Lycée Franco-Allemand de Sarrebruck

<blockquote class="wp-embedded-content" data-secret="QgmNpqbNYY"><a href="https://dfg-lfa.org/fr/2022/06/projets-d-adaptation-de-la-foret/">Informations sur les projets d’adaptation de la forêt en cours de géographie</a></blockquote><iframe sandbox="allow-scripts" security="restricted" src="https://dfg-lfa.org/fr/2022/06/projets-d-adaptation-de-la-foret/embed/#?secret=QgmNpqbNYY" width="600" height="338" title="« Informations sur les projets d’adaptation de la forêt en cours de géographie » &#8212; Lycée Franco-Allemand de Sarrebruck" data-secret="QgmNpqbNYY" frameborder="0" marginwidth="0" marginheight="0" scrolling="no" class="wp-embedded-content"></iframe><script>
/*! This file is auto-generated */
!function(d,l){"use strict";l.querySelector&&d.addEventListener&&"undefined"!=typeof URL&&(d.wp=d.wp||{},d.wp.receiveEmbedMessage||(d.wp.receiveEmbedMessage=function(e){var t=e.data;if((t||t.secret||t.message||t.value)&&!/[^a-zA-Z0-9]/.test(t.secret)){for(var s,r,n,a=l.querySelectorAll('iframe[data-secret="'+t.secret+'"]'),o=l.querySelectorAll('blockquote[data-secret="'+t.secret+'"]'),c=new RegExp("^https?:$","i"),i=0;i<o.length;i++)o[i].style.display="none";for(i=0;i<a.length;i++)s=a[i],e.source===s.contentWindow&&(s.removeAttribute("style"),"height"===t.message?(1e3<(r=parseInt(t.value,10))?r=1e3:~~r<200&&(r=200),s.height=r):"link"===t.message&&(r=new URL(s.getAttribute("src")),n=new URL(t.value),c.test(n.protocol))&&n.host===r.host&&l.activeElement===s&&(d.top.location.href=t.value))}},d.addEventListener("message",d.wp.receiveEmbedMessage,!1),l.addEventListener("DOMContentLoaded",function(){for(var e,t,s=l.querySelectorAll("iframe.wp-embedded-content"),r=0;r<s.length;r++)(t=(e=s[r]).getAttribute("data-secret"))||(t=Math.random().toString(36).substring(2,12),e.src+="#?secret="+t,e.setAttribute("data-secret",t)),e.contentWindow.postMessage({message:"ready",secret:t},"*")},!1)))}(window,document);
//# sourceURL=https://dfg-lfa.org/wp-includes/js/wp-embed.min.js
</script>

Le responsable ONF de l’unité territoriale Sarreguemines-Bitche est venu présenter les projets d’adaptation de la forêt au réchauffement climatique aux élèves de la 8S4 dans le cadre du cours de géographie. Un grand défi à relever pour lequel nous avons tous un rôle à jouer!
