{"version":"1.0","provider_name":"Lyc\u00e9e Franco-Allemand de Sarrebruck","provider_url":"https:\/\/dfg-lfa.org\/fr","title":"Les \u00e9l\u00e8ves du LFA participent \u00e0 la sixi\u00e8me \u00e9dition du Parlement europ\u00e9en des lyc\u00e9ens du 27 au 29 mai 2024. - Lyc\u00e9e Franco-Allemand de Sarrebruck","type":"rich","width":600,"height":338,"html":"<blockquote class=\"wp-embedded-content\" data-secret=\"W1T8laoL92\"><a href=\"https:\/\/dfg-lfa.org\/fr\/2024\/06\/dfg-teilnehmerinnen-am-6-europaeischen-schuelerparlament\/\">Les \u00e9l\u00e8ves du LFA participent \u00e0 la sixi\u00e8me \u00e9dition du Parlement europ\u00e9en des lyc\u00e9ens du 27 au 29 mai 2024.<\/a><\/blockquote><iframe sandbox=\"allow-scripts\" security=\"restricted\" src=\"https:\/\/dfg-lfa.org\/fr\/2024\/06\/dfg-teilnehmerinnen-am-6-europaeischen-schuelerparlament\/embed\/#?secret=W1T8laoL92\" width=\"600\" height=\"338\" title=\"\u00ab\u00a0Les \u00e9l\u00e8ves du LFA participent \u00e0 la sixi\u00e8me \u00e9dition du Parlement europ\u00e9en des lyc\u00e9ens du 27 au 29 mai 2024.\u00a0\u00bb &#8212; Lyc\u00e9e Franco-Allemand de Sarrebruck\" data-secret=\"W1T8laoL92\" frameborder=\"0\" marginwidth=\"0\" marginheight=\"0\" scrolling=\"no\" class=\"wp-embedded-content\"><\/iframe><script>\n\/*! This file is auto-generated *\/\n!function(d,l){\"use strict\";l.querySelector&&d.addEventListener&&\"undefined\"!=typeof URL&&(d.wp=d.wp||{},d.wp.receiveEmbedMessage||(d.wp.receiveEmbedMessage=function(e){var t=e.data;if((t||t.secret||t.message||t.value)&&!\/[^a-zA-Z0-9]\/.test(t.secret)){for(var s,r,n,a=l.querySelectorAll('iframe[data-secret=\"'+t.secret+'\"]'),o=l.querySelectorAll('blockquote[data-secret=\"'+t.secret+'\"]'),c=new RegExp(\"^https?:$\",\"i\"),i=0;i<o.length;i++)o[i].style.display=\"none\";for(i=0;i<a.length;i++)s=a[i],e.source===s.contentWindow&&(s.removeAttribute(\"style\"),\"height\"===t.message?(1e3<(r=parseInt(t.value,10))?r=1e3:~~r<200&&(r=200),s.height=r):\"link\"===t.message&&(r=new URL(s.getAttribute(\"src\")),n=new URL(t.value),c.test(n.protocol))&&n.host===r.host&&l.activeElement===s&&(d.top.location.href=t.value))}},d.addEventListener(\"message\",d.wp.receiveEmbedMessage,!1),l.addEventListener(\"DOMContentLoaded\",function(){for(var e,t,s=l.querySelectorAll(\"iframe.wp-embedded-content\"),r=0;r<s.length;r++)(t=(e=s[r]).getAttribute(\"data-secret\"))||(t=Math.random().toString(36).substring(2,12),e.src+=\"#?secret=\"+t,e.setAttribute(\"data-secret\",t)),e.contentWindow.postMessage({message:\"ready\",secret:t},\"*\")},!1)))}(window,document);\n\/\/# sourceURL=https:\/\/dfg-lfa.org\/wp-includes\/js\/wp-embed.min.js\n<\/script>\n","thumbnail_url":"https:\/\/dfg-lfa.org\/wp-content\/uploads\/PEL-2024.jpg","thumbnail_width":1600,"thumbnail_height":1200,"description":"Anthony Jagielski (1ES1) Jonas Chabane (1ES1), Franck Staudt (1ES1), Sophia Lang (1ES1), Jules Pr\u00eacheur (1ES2), Lorenz Rocher-Isenegger (1S2), Marine Cop-Reeb (2ES), Nuala Mairel (2L1), Am\u00e9lie Palandre (2L1), Jana Moll (2L2), Th\u00e9odor Hass (2S3), R\u00e9my Torris (2S2)\u00a0\u00a0 et Julian Stosse accompagn\u00e9s de leurs professeures V\u00e9ronique Giret et Corinne Becker ont eu &hellip;"}

Lycée Franco-Allemand de Sarrebruck

Les élèves du LFA participent à la sixième édition du Parlement européen des lycéens du 27 au 29 mai 2024. - Lycée Franco-Allemand de Sarrebruck

<blockquote class="wp-embedded-content" data-secret="W1T8laoL92"><a href="https://dfg-lfa.org/fr/2024/06/dfg-teilnehmerinnen-am-6-europaeischen-schuelerparlament/">Les élèves du LFA participent à la sixième édition du Parlement européen des lycéens du 27 au 29 mai 2024.</a></blockquote><iframe sandbox="allow-scripts" security="restricted" src="https://dfg-lfa.org/fr/2024/06/dfg-teilnehmerinnen-am-6-europaeischen-schuelerparlament/embed/#?secret=W1T8laoL92" width="600" height="338" title="« Les élèves du LFA participent à la sixième édition du Parlement européen des lycéens du 27 au 29 mai 2024. » &#8212; Lycée Franco-Allemand de Sarrebruck" data-secret="W1T8laoL92" frameborder="0" marginwidth="0" marginheight="0" scrolling="no" class="wp-embedded-content"></iframe><script>
/*! This file is auto-generated */
!function(d,l){"use strict";l.querySelector&&d.addEventListener&&"undefined"!=typeof URL&&(d.wp=d.wp||{},d.wp.receiveEmbedMessage||(d.wp.receiveEmbedMessage=function(e){var t=e.data;if((t||t.secret||t.message||t.value)&&!/[^a-zA-Z0-9]/.test(t.secret)){for(var s,r,n,a=l.querySelectorAll('iframe[data-secret="'+t.secret+'"]'),o=l.querySelectorAll('blockquote[data-secret="'+t.secret+'"]'),c=new RegExp("^https?:$","i"),i=0;i<o.length;i++)o[i].style.display="none";for(i=0;i<a.length;i++)s=a[i],e.source===s.contentWindow&&(s.removeAttribute("style"),"height"===t.message?(1e3<(r=parseInt(t.value,10))?r=1e3:~~r<200&&(r=200),s.height=r):"link"===t.message&&(r=new URL(s.getAttribute("src")),n=new URL(t.value),c.test(n.protocol))&&n.host===r.host&&l.activeElement===s&&(d.top.location.href=t.value))}},d.addEventListener("message",d.wp.receiveEmbedMessage,!1),l.addEventListener("DOMContentLoaded",function(){for(var e,t,s=l.querySelectorAll("iframe.wp-embedded-content"),r=0;r<s.length;r++)(t=(e=s[r]).getAttribute("data-secret"))||(t=Math.random().toString(36).substring(2,12),e.src+="#?secret="+t,e.setAttribute("data-secret",t)),e.contentWindow.postMessage({message:"ready",secret:t},"*")},!1)))}(window,document);
//# sourceURL=https://dfg-lfa.org/wp-includes/js/wp-embed.min.js
</script>

Anthony Jagielski (1ES1) Jonas Chabane (1ES1), Franck Staudt (1ES1), Sophia Lang (1ES1), Jules Prêcheur (1ES2), Lorenz Rocher-Isenegger (1S2), Marine Cop-Reeb (2ES), Nuala Mairel (2L1), Amélie Palandre (2L1), Jana Moll (2L2), Théodor Hass (2S3), Rémy Torris (2S2)   et Julian Stosse accompagnés de leurs professeures Véronique Giret et Corinne Becker ont eu &hellip;
