{"version":"1.0","provider_name":"Lyc\u00e9e Franco-Allemand de Sarrebruck","provider_url":"https:\/\/dfg-lfa.org\/fr","title":"3e march\u00e9 de seconde main au LFA - Lyc\u00e9e Franco-Allemand de Sarrebruck","type":"rich","width":600,"height":338,"html":"<blockquote class=\"wp-embedded-content\" data-secret=\"MaioBVoJ1A\"><a href=\"https:\/\/dfg-lfa.org\/fr\/2024\/12\/3-second-hand-markt-am-dfg\/\">3e march\u00e9 de seconde main au LFA<\/a><\/blockquote><iframe sandbox=\"allow-scripts\" security=\"restricted\" src=\"https:\/\/dfg-lfa.org\/fr\/2024\/12\/3-second-hand-markt-am-dfg\/embed\/#?secret=MaioBVoJ1A\" width=\"600\" height=\"338\" title=\"\u00ab\u00a03e march\u00e9 de seconde main au LFA\u00a0\u00bb &#8212; Lyc\u00e9e Franco-Allemand de Sarrebruck\" data-secret=\"MaioBVoJ1A\" frameborder=\"0\" marginwidth=\"0\" marginheight=\"0\" scrolling=\"no\" class=\"wp-embedded-content\"><\/iframe><script>\n\/*! This file is auto-generated *\/\n!function(d,l){\"use strict\";l.querySelector&&d.addEventListener&&\"undefined\"!=typeof URL&&(d.wp=d.wp||{},d.wp.receiveEmbedMessage||(d.wp.receiveEmbedMessage=function(e){var t=e.data;if((t||t.secret||t.message||t.value)&&!\/[^a-zA-Z0-9]\/.test(t.secret)){for(var s,r,n,a=l.querySelectorAll('iframe[data-secret=\"'+t.secret+'\"]'),o=l.querySelectorAll('blockquote[data-secret=\"'+t.secret+'\"]'),c=new RegExp(\"^https?:$\",\"i\"),i=0;i<o.length;i++)o[i].style.display=\"none\";for(i=0;i<a.length;i++)s=a[i],e.source===s.contentWindow&&(s.removeAttribute(\"style\"),\"height\"===t.message?(1e3<(r=parseInt(t.value,10))?r=1e3:~~r<200&&(r=200),s.height=r):\"link\"===t.message&&(r=new URL(s.getAttribute(\"src\")),n=new URL(t.value),c.test(n.protocol))&&n.host===r.host&&l.activeElement===s&&(d.top.location.href=t.value))}},d.addEventListener(\"message\",d.wp.receiveEmbedMessage,!1),l.addEventListener(\"DOMContentLoaded\",function(){for(var e,t,s=l.querySelectorAll(\"iframe.wp-embedded-content\"),r=0;r<s.length;r++)(t=(e=s[r]).getAttribute(\"data-secret\"))||(t=Math.random().toString(36).substring(2,12),e.src+=\"#?secret=\"+t,e.setAttribute(\"data-secret\",t)),e.contentWindow.postMessage({message:\"ready\",secret:t},\"*\")},!1)))}(window,document);\n\/\/# sourceURL=https:\/\/dfg-lfa.org\/wp-includes\/js\/wp-embed.min.js\n<\/script>\n","thumbnail_url":"https:\/\/dfg-lfa.org\/wp-content\/uploads\/Second-Hand-Markt-2024.jpg","thumbnail_width":1600,"thumbnail_height":1200,"description":"Samedi 30 Novembre a eu lieu notre 3e march\u00e9 de seconde main! Nous y avons crois\u00e9 des habitu\u00e9s et des nouvelles t\u00eates \u2026 en musique gr\u00e2ce \u00e0 Lorentz et son crew, en photos gr\u00e2ce \u00e0 Lotus, aux TS3 pour les snacks, ce fut une belle apr\u00e8s-midi joyeuse ! Un grand &hellip;"}

Lycée Franco-Allemand de Sarrebruck

3e marché de seconde main au LFA - Lycée Franco-Allemand de Sarrebruck

<blockquote class="wp-embedded-content" data-secret="MaioBVoJ1A"><a href="https://dfg-lfa.org/fr/2024/12/3-second-hand-markt-am-dfg/">3e marché de seconde main au LFA</a></blockquote><iframe sandbox="allow-scripts" security="restricted" src="https://dfg-lfa.org/fr/2024/12/3-second-hand-markt-am-dfg/embed/#?secret=MaioBVoJ1A" width="600" height="338" title="« 3e marché de seconde main au LFA » &#8212; Lycée Franco-Allemand de Sarrebruck" data-secret="MaioBVoJ1A" frameborder="0" marginwidth="0" marginheight="0" scrolling="no" class="wp-embedded-content"></iframe><script>
/*! This file is auto-generated */
!function(d,l){"use strict";l.querySelector&&d.addEventListener&&"undefined"!=typeof URL&&(d.wp=d.wp||{},d.wp.receiveEmbedMessage||(d.wp.receiveEmbedMessage=function(e){var t=e.data;if((t||t.secret||t.message||t.value)&&!/[^a-zA-Z0-9]/.test(t.secret)){for(var s,r,n,a=l.querySelectorAll('iframe[data-secret="'+t.secret+'"]'),o=l.querySelectorAll('blockquote[data-secret="'+t.secret+'"]'),c=new RegExp("^https?:$","i"),i=0;i<o.length;i++)o[i].style.display="none";for(i=0;i<a.length;i++)s=a[i],e.source===s.contentWindow&&(s.removeAttribute("style"),"height"===t.message?(1e3<(r=parseInt(t.value,10))?r=1e3:~~r<200&&(r=200),s.height=r):"link"===t.message&&(r=new URL(s.getAttribute("src")),n=new URL(t.value),c.test(n.protocol))&&n.host===r.host&&l.activeElement===s&&(d.top.location.href=t.value))}},d.addEventListener("message",d.wp.receiveEmbedMessage,!1),l.addEventListener("DOMContentLoaded",function(){for(var e,t,s=l.querySelectorAll("iframe.wp-embedded-content"),r=0;r<s.length;r++)(t=(e=s[r]).getAttribute("data-secret"))||(t=Math.random().toString(36).substring(2,12),e.src+="#?secret="+t,e.setAttribute("data-secret",t)),e.contentWindow.postMessage({message:"ready",secret:t},"*")},!1)))}(window,document);
//# sourceURL=https://dfg-lfa.org/wp-includes/js/wp-embed.min.js
</script>

Samedi 30 Novembre a eu lieu notre 3e marché de seconde main! Nous y avons croisé des habitués et des nouvelles têtes … en musique grâce à Lorentz et son crew, en photos grâce à Lotus, aux TS3 pour les snacks, ce fut une belle après-midi joyeuse ! Un grand &hellip;
